{"id":306,"date":"2013-10-15T09:37:25","date_gmt":"2013-10-15T07:37:25","guid":{"rendered":"http:\/\/www.rms-grafrath.de\/?page_id=306"},"modified":"2020-07-13T20:02:39","modified_gmt":"2020-07-13T18:02:39","slug":"rms-buero","status":"publish","type":"page","link":"https:\/\/www.rms-grafrath.de\/?page_id=306","title":{"rendered":"RMS B\u00fcro"},"content":{"rendered":"<p><strong>In den R\u00e4umen der Schule Grafrath ist unser RMS B\u00fcro.<\/strong><\/p>\n<p>Die \u00d6ffnungszeiten sind i.d.R.<\/p>\n<ul>\n<li>Dienstag 15.00 bis 17.00 Uhr<\/li>\n<\/ul>\n<p>Gerne k\u00f6nnen Sie auch einen Termin mit uns vereinbaren.<br \/>\nNutzen Sie auch dieses <a title=\"Formular\" href=\"http:\/\/www.rms-grafrath.de\/?p=82\">Formular <\/a>um mit uns in Kontakt zu treten.<br \/>\nSie k\u00f6nnen uns aber auch direkt eine E-Mail schreiben, an office[at]rms-grafrath[.]de.<\/p>\n<p>Telefon: 08144 \/ 9989263<br \/>\nTelefax: 08144 \/ 9989265<\/p>\n<p>Wir freuen uns auf Ihren Besuch.<\/p>\n","protected":false},"excerpt":{"rendered":"<p>In den R\u00e4umen der Schule Grafrath ist unser RMS B\u00fcro. Die \u00d6ffnungszeiten sind i.d.R. Dienstag 15.00 bis 17.00 Uhr Gerne k\u00f6nnen Sie [&hellip;]<\/p>\n","protected":false},"author":1,"featured_media":0,"parent":0,"menu_order":0,"comment_status":"closed","ping_status":"closed","template":"","meta":{"ngg_post_thumbnail":0,"footnotes":""},"class_list":["post-306","page","type-page","status-publish","hentry"],"_links":{"self":[{"href":"https:\/\/www.rms-grafrath.de\/index.php?rest_route=\/wp\/v2\/pages\/306","targetHints":{"allow":["GET"]}}],"collection":[{"href":"https:\/\/www.rms-grafrath.de\/index.php?rest_route=\/wp\/v2\/pages"}],"about":[{"href":"https:\/\/www.rms-grafrath.de\/index.php?rest_route=\/wp\/v2\/types\/page"}],"author":[{"embeddable":true,"href":"https:\/\/www.rms-grafrath.de\/index.php?rest_route=\/wp\/v2\/users\/1"}],"replies":[{"embeddable":true,"href":"https:\/\/www.rms-grafrath.de\/index.php?rest_route=%2Fwp%2Fv2%2Fcomments&post=306"}],"version-history":[{"count":4,"href":"https:\/\/www.rms-grafrath.de\/index.php?rest_route=\/wp\/v2\/pages\/306\/revisions"}],"predecessor-version":[{"id":1037,"href":"https:\/\/www.rms-grafrath.de\/index.php?rest_route=\/wp\/v2\/pages\/306\/revisions\/1037"}],"wp:attachment":[{"href":"https:\/\/www.rms-grafrath.de\/index.php?rest_route=%2Fwp%2Fv2%2Fmedia&parent=306"}],"curies":[{"name":"wp","href":"https:\/\/api.w.org\/{rel}","templated":true}]}}