{"id":31,"date":"2013-04-30T08:50:01","date_gmt":"2013-04-30T06:50:01","guid":{"rendered":"http:\/\/www.rms-grafrath.de\/?page_id=31"},"modified":"2013-05-05T13:45:40","modified_gmt":"2013-05-05T11:45:40","slug":"startseite","status":"publish","type":"page","link":"https:\/\/www.rms-grafrath.de\/?page_id=31","title":{"rendered":"Startseite"},"content":{"rendered":"<h2 style=\"text-align: center;\">Herzlich Willkommen<\/h2>\n<h2 style=\"text-align: center;\">auf der Internetseite der Rasso-Musikschule Grafrath e.V.<\/h2>\n<h4 style=\"text-align: center;\">Die Rasso &#8211; Musikschule Grafrath e.V. besteht seit dem 01.02.1995<\/h4>\n<p style=\"text-align: center;\">Die RMS erf\u00fcllt hohe Anforderungen, insbesondere wird auf die Qualifizierung der Lehrkr\u00e4fte, die Kontinuit\u00e4t des Unterrichts und die Verwendung der durch die Regierung von Oberbayern vorgegebenen Rahmenschulungspl\u00e4ne Augenmerk gelegt.<\/p>\n<p style=\"text-align: center;\">Deshalb wurde die RMS in den Verband der deutschen Musikschulen ( VdM ) und in den Verband bayerischer Sing- u. Musikschulen (VBSM) aufgenommen und ist berechtigt, den gesch\u00fctzten Namen &#8222;Musikschule&#8220; zu tragen.<\/p>\n<p style=\"text-align: center;\">Wir sind ein eingetragener gemeinn\u00fctziger Verein, der die musikalische Bildung der Bev\u00f6lkerung zum Ziel hat.<\/p>\n","protected":false},"excerpt":{"rendered":"<p>Herzlich Willkommen auf der Internetseite der Rasso-Musikschule Grafrath e.V. Die Rasso &#8211; Musikschule Grafrath e.V. besteht seit dem 01.02.1995 Die RMS erf\u00fcllt [&hellip;]<\/p>\n","protected":false},"author":1,"featured_media":0,"parent":0,"menu_order":0,"comment_status":"closed","ping_status":"closed","template":"","meta":{"ngg_post_thumbnail":0,"footnotes":""},"class_list":["post-31","page","type-page","status-publish","hentry"],"_links":{"self":[{"href":"https:\/\/www.rms-grafrath.de\/index.php?rest_route=\/wp\/v2\/pages\/31","targetHints":{"allow":["GET"]}}],"collection":[{"href":"https:\/\/www.rms-grafrath.de\/index.php?rest_route=\/wp\/v2\/pages"}],"about":[{"href":"https:\/\/www.rms-grafrath.de\/index.php?rest_route=\/wp\/v2\/types\/page"}],"author":[{"embeddable":true,"href":"https:\/\/www.rms-grafrath.de\/index.php?rest_route=\/wp\/v2\/users\/1"}],"replies":[{"embeddable":true,"href":"https:\/\/www.rms-grafrath.de\/index.php?rest_route=%2Fwp%2Fv2%2Fcomments&post=31"}],"version-history":[{"count":2,"href":"https:\/\/www.rms-grafrath.de\/index.php?rest_route=\/wp\/v2\/pages\/31\/revisions"}],"predecessor-version":[{"id":245,"href":"https:\/\/www.rms-grafrath.de\/index.php?rest_route=\/wp\/v2\/pages\/31\/revisions\/245"}],"wp:attachment":[{"href":"https:\/\/www.rms-grafrath.de\/index.php?rest_route=%2Fwp%2Fv2%2Fmedia&parent=31"}],"curies":[{"name":"wp","href":"https:\/\/api.w.org\/{rel}","templated":true}]}}